me factors of l(x).
3
Let c(t) = -t**3 - t**2 + t + 11. Let r be c(0). Let h = -5 + r. What are the prime factors of h?
2, 3
Suppose -5*n = 5*o - 15, -3*n = -5*o + 3 + 4. What are the prime factors of o + 0 + 6 + 2?
2, 5
Let m = 1 - -4. Let y(l) = 3 + l + 0*l**2 - 5*l**2 + 1 + l**3. List the prime factors of y(m).
3
List the prime factors of (-4)/18 + (-2010)/(-54).
37
Suppose 3*d + 0*d - 3 = 0. Let z be 2/5*(41 - d). Let i = 24 - z. What are the prime factors of i?
2
Suppose 8 = 3*h + 2*s, -5*s = -h - 6*s + 4. Suppose h = n + n. Suppose n = y + 3, 2*j - 4*j + 5*y = -33. List the prime factors of j.
3
Suppose 8 + 8 = 4*r - 2*k, -r + 7 = -2*k. Let s(w) = -5 + 0 + r*w - 2 - 2. List the prime factors of s(9).
2, 3
Let j(h) = -5*h**2 - 2*h - 1. Let f be j(2). Let k = f + 13. Let r = 5 - k. List the prime factors of r.
17
Let j(i) = i**3 + 12*i**2 - 15*i - 5. Suppose -b = -6*b - 65. List the prime factors of j(b).
3, 7
Suppose -2*w - q = -3, 3*q = -3*w - 1 + 4. Suppose -3*l + 20 = -10. Suppose -l = -w*o + 4*b, 54 = 5*o + b + 18. What are the prime factors of o?
7
Suppose 0 = 3*s + 24 + 12. List the prime factors of (-93)/2*8/s.
31
Let j(h) be the second derivative of h**4/6 - 4*h**3/3 - h**2 + 2*h. Let s be j(7). Suppose -3*t - 2*t = -s. What are the prime factors of t?
2
Suppose 961 = 5*i + 3*d, 0*d + 2*d + 200 = i. List the prime factors of i.
2, 97
Suppose 0 = -m + 6*m - 40. Let a(i) = i**3 - 8*i**2 + 4*i - 5. List the prime factors of a(m).
3
Suppose 0 = 5*o + 3 - 63. Let i = 25 - o. List the prime factors of i.
13
Let o(a) = a**3 + a**2 - 5*a - 3. Let p be o(-3). What are the prime factors of (p/(-4))/(2/4)?
3
Let o be -9 - (-2 + 3 + -3). Let k = o + 10. Suppose -h + k = -19. What are the prime factors of h?
2, 11
Let y = 6 + 196. List the prime factors of y.
2, 101
Suppose 3*x = 3*y - 6*y + 84, 0 = -5*y + 2*x + 112. Suppose -y = -3*t - 3. Let v(q) = -q + 16. List the prime factors of v(t).
3
Let p(f) = 6*f - 3. Let i(y) = 4*y**2 + y. Let t be i(-1). What are the prime factors of p(t)?
3, 5
Let z(f) be the third derivative of -1/24*f**4 + 1/3*f**3 + 0*f + 0 + f**2. What are the prime factors of z(0)?
2
Suppose 33 = -2*x - 5*f, -2*f = 2*x - 3*f + 3. Let w(b) = -b**3 - 4*b**2 + 2*b + 5. Let n be w(x). What are the prime factors of -2*n/6*7?
7
Let t(v) = -v**3 - 4*v**2 + 4*v + 2. Suppose 5 = -h - 5*z - 0*z, 3*h = 3*z + 21. Let d be -2*1 + 2 - h. What are the prime factors of t(d)?
7
Suppose 4*z - z = 66. Let p = z - 16. What are the prime factors of p?
2, 3
Let n be -6*(-5)/((-45)/(-6)). List the prime factors of (-12)/(0 - 6/n).
2
Let c(p) = p + 9. Let y be c(-6). Suppose 5*a - 3*i - 8 = 0, 0 = -0*a - 2*a - y*i + 20. What are the prime factors of a?
2
Let f = 24 - 48. Let m be (-6)/f - 111/(-4). Suppose 3*l - 16 = -j, -j - j + m = 4*l. What are the prime factors of j?
2, 5
Suppose -4*p - 17 = -45. Let w be 3/5 - 168/(-20). Suppose -b = 5*f + 5, -4*b = -p*b - 3*f + w. What are the prime factors of b?
5
Let z be (-1 + (-4)/(-2))/1. Let v(x) = x + 1. Let n(t) = 2*t**3 + 6*t + 3. Let r(a) = z*n(a) - 4*v(a). List the prime factors of r(1).
3
Suppose 0 = -2*h - 8, 2*a + 20 = 3*h. Let o = a + 26. List the prime factors of o.
2, 5
Let h = 12 + -20. Let b = 24 + h. List the prime factors of b.
2
Let z(j) = j**2 - 4*j. Suppose 4*h = -16, -4*u + 0 = 5*h - 4. What are the prime factors of z(u)?
2, 3
Let z = -24 + 53. Let l = 45 - z. List the prime factors of l.
2
Let m be (10 + -4)/(6/28). Suppose -m = -2*h + 5*q, 5*h = h + 4*q + 56. List the prime factors of h.
2, 7
Suppose -13 - 17 = 5*t. Let m = 7 - t. What are the prime factors of m?
13
Let d(p) = p**2 + 3*p - 8. Let c = -2 + 5. Suppose -16 = 2*f - a - 3*a, -c*f - a = 17. What are the prime factors of d(f)?
2, 5
Let j(p) = -3 + 2*p + 2 + 4*p**2 + 2 - 3*p**2. Let m be j(-6). What are the prime factors of (60/m)/(6/20)?
2
Let y = 254 + -68. List the prime factors of (6/12)/(3/y).
31
Let p = -3 + 5. Let n be p + 1 + (-12)/(-3). Let z = n - 5. List the prime factors of z.
2
Suppose -7*s + 3*s = 3*m - 1, 0 = 3*m + 15. Suppose l = -3*l + s. Let g = l + 6. What are the prime factors of g?
7
Let f(u) = 7*u - 1. Let a be f(1). Suppose -v = -a*v. Suppose 2*t - 5*y + 12 = v, -3*t = -6*t + y + 8. What are the prime factors of t?
2
Let f(p) be the second derivative of p**5/20 - p**3/3 - 3*p**2/2 - 2*p. Suppose -3*q + 12 = q. What are the prime factors of f(q)?
2, 3
Let q be 30/5 - (-2)/(-2). Suppose -f + q*f = 16. Suppose 96 = 4*v + 3*b + f, 4*b + 92 = 4*v. What are the prime factors of v?
23
Let h(z) be the second derivative of -z**4/12 + z**3/6 - z**2/2 + 3*z. Let u be h(2). Let y(b) = -b**3 - 3*b**2 - 3*b + 4. List the prime factors of y(u).
13
Suppose 0 = 2*i - 4*i + 2. Let s be 0/(-5) + 14 + i. Suppose -5*a + 4*u + 8 = -s, -4*a = 3*u - 37. What are the prime factors of a?
7
What are the prime factors of 3/(7/((-2212)/(-6)))?
2, 79
Let v = -53 - -206. What are the prime factors of v?
3, 17
Suppose 5*g = 7*g - 92. What are the prime factors of g?
2, 23
Let o(y) = -y + 5. Suppose 4*b + 10 = -t - 12, 0 = -2*t + 5*b + 8. What are the prime factors of o(t)?
11
Let u = 2 + 9. What are the prime factors of u?
11
Let x(r) = -r**3 + 5*r**2 - 4*r + 3. Suppose -4*w = 2*u - 6, -3*u + 2 = -w - 0*w. Let f be 0 + 1 - (u + -2). List the prime factors of x(f).
7
What are the prime factors of 2/11 - (-2450)/77?
2
Let j be (4/2)/(-1 - 0). What are the prime factors of -2 - -29 - 0 - j?
29
Suppose -3*q - 157 + 688 = 0. List the prime factors of q.
3, 59
Suppose 0 = -0*h - 5*h + 130. List the prime factors of h.
2, 13
Suppose 53 = 4*f + 13. List the prime factors of f.
2, 5
Let w = 462 + -280. What are the prime factors of w?
2, 7, 13
Let v = -10 + 14. Let p be (5 + 1)/(6/v). Suppose -i - 2*i + 58 = p*z, -i = 2. What are the prime factors of z?
2
What are the prime factors of 60/24*(-98)/(-5)?
7
List the prime factors of -1*(-5)/((-25)/(-445)).
89
Let z be (-6)/(-15) + 13/5. Suppose -3*i - 2*r + 68 = 0, z*i = 2*r + 16 + 48. Suppose 5*d = 2*m - 9 - i, 0 = 5*d + 15. What are the prime factors of m?
2
Let x = 10 - 8. Suppose 4*q = k + 84, 3*k = 4*q - x*k - 100. What are the prime factors of q?
2, 5
Suppose 52 = 4*h - 4*q, 0 = -3*h + 4*q - 0*q + 36. What are the prime factors of h?
2
Let x(n) = -n**2 - 7*n + 1. Let w be x(-5). What are the prime factors of 2 + (3 - 3) + w?
13
What are the prime factors of 1/(-7) - 64/(-7)?
3
Suppose -102 + 12 = -2*y. List the prime factors of y.
3, 5
Suppose 0 = -2*b - 2*l - 18, 4*l - l + 15 = -2*b. Let y = -2 - b. What are the prime factors of y?
2, 5
Suppose 0 = 3*g + 2 - 20. What are the prime factors of g?
2, 3
Let u(n) = 25*n - 1. Let z be u(1). Suppose d = -3*d + z. List the prime factors of d.
2, 3
Let q be -3 + 369/(3 - 0). Suppose -7*g + 4*g + q = 0. What are the prime factors of g?
2, 5
Let m be (-6)/6 + (-1)/(-1). Suppose 4*w + 16 - 56 = m. List the prime factors of w.
2, 5
Suppose 258 = 3*r - 0*w - w, 0 = -5*w + 15. List the prime factors of r.
3, 29
Let c = -10 - -39. List the prime factors of c.
29
Let z(r) = 18*r**2 + 10 - 12*r**2 + 6*r + r**3 - 2*r**3. Let q be z(7). Let t(y) = 2*y**2 - 3*y + 2. What are the prime factors of t(q)?
11
Suppose w - a = 228, -2*w + 188 = 3*a - 253. Suppose -33 = -0*i - i - 5*g, 0 = -5*i - 5*g + w. List the prime factors of i.
2, 3
Let i(a) = -a**3 - 10*a**2 - 8*a + 22. List the prime factors of i(-11).
3, 7, 11
Let c(y) = -y - 2 + 1 - 7. Let r be c(-6). List the prime factors of 4/3 + r/(-3).
2
Let n = -8 + 14. Suppose n - 3 = -3*q, -q = 4*v - 35. What are the prime factors of v?
3
Let t = 20 + 5. Suppose 4*m - 26 = 5*j, -5*j + 7 = -2*m + t. What are the prime factors of m?
2
Let m be -2 + (0 - 0) + 31. Suppose -3*q + b = -0*q - 7, -q + m = 5*b. List the prime factors of q.
2
Let w(y) = -y**2 + 7*y + 11. Let n be (11 - 3)/1 - 0. List the prime factors of w(n).
3
Let m(i) = -i**3 - 5*i**2 + i + 3. Let k be m(-5). What are the prime factors of k - 2/((-4)/22)?
3
Let f = -6 - -8. Let s = 11 - f. List the prime factors of s.
3
Suppose r = -2*l + 610, 0 = 5*l - 5*r + 3*r - 1534. What are the prime factors of l?
2, 3, 17
Let d = -6 + 0. Let z(l) = -4*l + 3. Let b be z(d). Suppose 2*p - b = -p. List the prime factors of p.
3
Let x be (2/(-6))/((-2)/(-6)). Let 